nd 624.
312
What is the greatest common divisor of 132 and 192?
12
Calculate the highest common divisor of 185 and 1455.
5
Calculate the greatest common divisor of 110 and 748.
22
Calculate the highest common divisor of 1517 and 1295.
37
Calculate the greatest common factor of 75 and 135.
15
Calculate the highest common divisor of 437 and 95.
19
What is the greatest common factor of 26 and 218?
2
Calculate the greatest common factor of 14 and 286.
2
Calculate the greatest common divisor of 801 and 27.
9
Calculate the greatest common divisor of 612 and 765.
153
Calculate the greatest common divisor of 73 and 657.
73
Calculate the greatest common divisor of 99 and 187.
11
Calculate the highest common factor of 220 and 4015.
55
What is the highest common factor of 144 and 90?
18
What is the greatest common divisor of 130 and 20?
10
Calculate the highest common divisor of 370 and 15355.
185
What is the greatest common divisor of 112 and 84?
28
What is the highest common divisor of 121 and 2420?
121
What is the highest common divisor of 44 and 1023?
11
What is the highest common factor of 40 and 50?
10
What is the greatest common factor of 19 and 779?
19
What is the greatest common factor of 33 and 264?
33
What is the greatest common divisor of 168 and 64?
8
Calculate the highest common divisor of 18824 and 181.
181
What is the greatest common divisor of 513 and 627?
57
Calculate the greatest common factor of 3116 and 574.
82
Calculate the highest common divisor of 6167 and 7.
7
What is the highest common factor of 16 and 1328?
16
What is the highest common factor of 608 and 32?
32
Calculate the greatest common divisor of 2627 and 355.
71
Calculate the highest common factor of 558 and 63.
9
Calculate the highest common divisor of 69 and 2047.
23
What is the highest common divisor of 11142 and 108?
18
What is the highest common factor of 1178 and 114?
38
Calculate the greatest common factor of 261 and 1131.
87
Calculate the greatest common factor of 7685 and 1060.
265
What is the greatest common divisor of 308 and 812?
28
Calculate the greatest common factor of 649 and 11.
11
Calculate the highest common factor of 884 and 364.
52
Calculate the greatest common divisor of 250 and 2350.
50
What is the greatest common factor of 3408 and 96?
48
What is the highest common factor of 22 and 1815?
11
Calculate the greatest common factor of 1232 and 1092.
28
Calculate the greatest common factor of 1200 and 30.
30
Calculate the greatest common divisor of 363 and 66.
33
What is the highest common divisor of 105 and 120?
15
What is the highest common factor of 1133 and 11?
11
What is the highest common divisor of 118 and 74517?
59
What is the highest common divisor of 1456 and 3744?
208
What is the greatest common divisor of 14 and 8400?
14
Calculate the greatest common divisor of 111 and 6105.
111
Calculate the highest common factor of 48 and 688.
16
Calculate the highest common factor of 60 and 58.
2
Calculate the highest common divisor of 21846 and 132.
66
What is the greatest common factor of 261 and 18?
9
What is the greatest common divisor of 255 and 17?
17
What is the greatest common divisor of 45 and 12?
3
Calculate the greatest common divisor of 1209 and 39.
39
What is the highest common divisor of 168 and 4872?
168
Calculate the greatest common divisor of 85 and 119.
17
Calculate the highest common factor of 3200 and 240.
80
What is the greatest common factor of 13 and 325?
13
What is the greatest common factor of 70570 and 20?
10
Calculate the highest common divisor of 66 and 50886.
66
What is the highest common factor of 26 and 136?
2
What is the greatest common divisor of 10825 and 3897?
433
What is the highest common divisor of 160 and 500?
20
Calculate the highest common divisor of 96 and 42.
6
Calculate the greatest common factor of 24 and 12.
12
What is the greatest common divisor of 1992 and 4?
4
What is the highest common factor of 4501 and 21?
7
What is the highest common divisor of 38 and 2071?
19
What is the greatest common factor of 8 and 296?
8
Calculate the highest common factor of 2041 and 325.
13
What is the highest common divisor of 53 and 21094?
53
Calculate the highest common divisor of 18584 and 184.
184
Calculate the highest common divisor of 725 and 58.
29
Calculate the highest common factor of 105 and 280.
35
Calculate the highest common divisor of 27 and 81.
27
What is the highest common divisor of 918 and 342?
18
What is the greatest common factor of 114 and 152?
38
Calculate the highest common factor of 736 and 2272.
32
What is the greatest common factor of 20 and 1010?
10
What is the greatest common divisor of 6976 and 128?
64
Calculate the highest common factor of 71873 and 41.
41
What is the highest common factor of 8 and 188?
4
Calculate the highest common divisor of 841 and 87.
29
What is the highest common divisor of 12 and 450?
6
Calculate the highest common divisor of 2 and 1229.
1
What is the greatest common divisor of 15 and 57705?
15
What is the greatest common factor of 1325 and 200?
25
What is the greatest common factor of 960 and 1164?
12
Calculate the greatest common factor of 37 and 3367.
37
Calculate the highest common divisor of 180 and 108.
36
Calculate the greatest common factor of 84 and 17472.
84
Calculate the highest common factor of 86 and 2150.
86
What is the highest common divisor of 712 and 3382?
178
Calculate the greatest common divisor of 11 and 407.
11
Calculate the greatest common factor of 268 and 24.
4
Calculate the greatest common divisor of 135 and 555.
15
Calculate the highest common factor of 146 and 219.
73
Calculate the greatest common divisor of 72 and 228.
12
What is the highest common divisor of 68 and 187?
17
What is the greatest common factor of 323 and 19?
19
What is the highest common factor of 246 and 6?
6
What is the greatest common factor of 45 and 75?
15
What is the greatest common factor of 456 and 3144?
24
What is the highest common divisor of 273 and 1274?
91
Calculate the highest common factor of 140 and 385.
35
Calculate the highest common factor of 152 and 15732.
76
What is the highest common factor of 84 and 3052?
28
Calculate the highest common factor of 26061 and 21.
21
What is the greatest common factor of 2751 and 147?
21
What is the greatest common factor of 684 and 1121?
19
Calculate the greatest common factor of 77 and 792.
11
Calculate the greatest common factor of 33 and 12991.
11
Calculate the greatest common factor of 656 and 24.
8
Calculate the highest common factor of 48 and 11208.
24
Calculate the greatest common divisor of 6859 and 19.
19
What is the greatest common factor of 44 and 5764?
44
Calculate the highest common divisor of 11 and 5863.
11
What is the highest common divisor of 24615 and 15?
15
What is the highest common divisor of 35 and 14?
7
What is the highest common divisor of 6 and 3?
3
Calculate the greatest common factor of 12 and 36.
12
Calculate the highest common divisor of 2128 and 14.
14
Calculate the highest common factor of 29 and 319.
29
Calculate the highest common factor of 1374 and 6.
6
Calculate the highest common divisor of 475 and 14915.
95
Calculate the greatest common factor of 20 and 1420.
20
What is the highest common divisor of 48 and 66288?
48
Calculate the greatest common divisor of 7809 and 19.
19
What is the highest common divisor of 11344 and 32?
16
What is the greatest common factor of 833 and 17?
17
Calculate the highest common divisor of 1782 and 1683.
99
Calculate the greatest common factor of 164 and 24.
4
Calculate the greatest common divisor of 191 and 13561.
191
What is the highest common factor of 378 and 210?
42
What is the highest common divisor of 771 and 6?
3
Calculate the highest common factor of 3059 and 23.
23
Calculate the highest common divisor of 48 and 768.
48
What is the greatest common factor of 115 and 713?
23
What is the greatest common divisor of 93 and 1736?
31
What is the greatest common divisor of 515 and 412?
103
What is the highest common factor of 37 and 14689?
37
What is the highest common divisor of 275 and 2225?
25
What is the highest common divisor of 3400 and 952?
136
Calculate the highest common divisor of 9 and 7407.
9
What is the highest common divisor of 861 and 21?
21
What